ase 16) to base 4.
2
Convert -16 (base 16) to base 6.
-34
-13 (base 4) to base 9
-7
-20220 (base 3) to base 15
-c6
209 (base 12) to base 5
2142
0 (base 2) to base 16
0
Convert -2 (base 10) to base 7.
-2
-3 (base 11) to base 6
-3
Convert 221 (base 3) to base 5.
100
What is -330 (base 5) in base 14?
-66
Convert 2121 (base 3) to base 5.
240
Convert 2 (base 4) to base 16.
2
Convert -504 (base 7) to base 11.
-207
Convert -10 (base 11) to base 8.
-13
1 (base 14) to base 11
1
What is 11221 (base 3) in base 15?
8d
Convert -1011 (base 2) to base 7.
-14
What is -20021 (base 3) in base 8?
-251
-3 (base 7) to base 12
-3
-10001010 (base 2) to base 3
-12010
What is 12 (base 9) in base 5?
21
What is 20 (base 3) in base 11?
6
Convert 24 (base 5) to base 14.
10
Convert -4 (base 5) to base 6.
-4
a9 (base 15) to base 13
c3
-2 (base 6) to base 12
-2
-101102 (base 3) to base 10
-281
Convert -1231 (base 5) to base 4.
-2333
-101 (base 2) to base 11
-5
What is 550 (base 6) in base 12?
156
-69 (base 15) to base 2
-1100011
Convert -5 (base 16) to base 6.
-5
What is -2 (base 12) in base 2?
-10
What is 13 (base 7) in base 11?
a
What is 11 (base 2) in base 3?
10
7c (base 16) to base 5
444
Convert -5 (base 6) to base 13.
-5
Convert -102 (base 3) to base 13.
-b
Convert 2 (base 13) to base 16.
2
Convert 110 (base 2) to base 8.
6
What is 2b (base 12) in base 3?
1022
Convert -12 (base 3) to base 12.
-5
50 (base 6) to base 15
20
What is -194 (base 13) in base 11?
-244
Convert -312 (base 7) to base 5.
-1111
What is 17 (base 9) in base 14?
12
-140 (base 9) to base 6
-313
Convert 2 (base 12) to base 8.
2
Convert 4 (base 9) to base 14.
4
11100 (base 2) to base 13
22
What is 3e (base 16) in base 6?
142
11 (base 4) to base 9
5
152 (base 6) to base 5
233
What is 4 (base 14) in base 15?
4
-25 (base 11) to base 5
-102
8 (base 13) to base 8
10
Convert 6 (base 7) to base 3.
20
-139 (base 14) to base 10
-247
Convert -100 (base 3) to base 2.
-1001
What is 7 (base 11) in base 9?
7
Convert 3 (base 13) to base 3.
10
What is -7 (base 13) in base 12?
-7
What is -2 (base 13) in base 3?
-2
What is 110 (base 2) in base 14?
6
-41 (base 14) to base 5
-212
15 (base 6) to base 16
b
Convert 1022 (base 5) to base 10.
137
-13 (base 8) to base 4
-23
Convert 0 (base 8) to base 4.
0
101 (base 15) to base 3
22101
What is 1 (base 7) in base 8?
1
Convert -22 (base 10) to base 12.
-1a
Convert 12 (base 14) to base 9.
17
-4 (base 8) to base 3
-11
What is 11110 (base 2) in base 7?
42
Convert -48 (base 15) to base 14.
-4c
Convert -4b (base 13) to base 5.
-223
What is -13 (base 4) in base 5?
-12
Convert 27 (base 13) to base 2.
100001
What is -2 (base 6) in base 12?
-2
What is -2220 (base 3) in base 5?
-303
Convert -102 (base 4) to base 9.
-20
Convert -200 (base 6) to base 14.
-52
What is 2 (base 10) in base 12?
2
What is -124 (base 5) in base 12?
-33
1a (base 11) to base 8
25
Convert 399 (base 10) to base 3.
112210
7 (base 9) to base 13
7
What is 4 (base 15) in base 10?
4
What is 1 (base 12) in base 7?
1
-6 (base 15) to base 8
-6
-5 (base 16) to base 14
-5
What is -10011 (base 2) in base 10?
-19
2 (base 8) to base 3
2
Convert -2 (base 13) to base 16.
-2
-4 (base 11) to base 8
-4
What is 1e (base 15) in base 10?
29
What is 6 (base 16) in base 11?
6
What is 17 (base 13) in base 6?
32
Convert 300 (base 4) to base 6.
120
What is b6 (base 13) in base 9?
175
What is 24 (base 12) in base 3?
1001
What is -31 (base 8) in base 15?
-1a
Convert 0 (base 15) to base 16.
0
What is 2 (base 16) in base 12?
2
What is -63 (base 8) in base 10?
-51
Convert -2 (base 4) to base 10.
-2
Convert 6 (base 10) to base 16.
6
Convert -104 (base 5) to base 9.
-32
What is 60 (base 7) in base 3?
1120
-5 (base 8) to base 11
-5
Convert -94 (base 14) to base 3.
-11211
Convert 201 (base 3) to base 15.
14
What is -2221 (base 3) in base 8?
-117
What is -2a (base 15) in base 12?
-34
What is -22 (base 5) in base 15?
-c
Convert -2 (base 13) to base 8.
-2
5e (base 16) to base 5
334
What is 101010 (base 2) in base 7?
60
Convert 10 (base 7) to base 5.
12
What is 62 (base 12) in base 5?
244
What is -4 (base 7) in base 12?
-4
Convert 0 (base 15) to base 4.
0
What is 44 (base 11) in base 4?
300
100 (base 3) to base 7
12
What is 1010 (base 2) in base 8?
12
13 (base 12) to base 7
21
What is 80 (base 14) in base 15?
77
Convert -201 (base 3) to base 10.
-19
What is 202 (base 5) in base 16?
34
Convert -5 (base 16) to base 2.
-101
Convert 323 (base 6) to base 15.
83
Convert -67 (base 16) to base 12.
-87
-111 (base 2) to base 16
-7
1101000 (base 2) to base 3
10212
What is -15 (base 7) in base 11?
-11
Convert -68 (base 16) to base 10.
-104
What is 7 (base 14) in base 16?
7
Convert 6 (base 10) to base 8.
6
Convert 2 (base 3) to base 6.
2
Convert 4 (base 6) to base 13.
4
1 (base 10) to base 13
1
Convert 20 (base 9) to base 11.
17
Convert -101100 (base 2) to base 13.
-35
What is 1 (base 2) in base 4?
1
Convert -2 (base 16) to base 15.
-2
Convert -72 (base 13) to base 11.
-85
What is 2 (base 9) in base 14?
2
Convert 0 (base 8) to base 9.
0
0 (base 5) to base 10
0
Convert 123 (base 5) to base 13.
2c
What is 1 (base 11) in base 16?
1
What is -20 (base 10) in base 13?
-17
What is 110001 (base 2) in base 15?
34
What is 0 (base 13) in base 4?
0
-5 (base 12) to base 13
-5
a (base 11) to base 5
20
Convert 52 (base 6) to base 12.
28
Convert -13 (base 12) to base 14.
-11
8 (base 14) to base 16
8
What is -55 (base 7) in base 12?
-34
Convert 1d (base 16) to base 8.
35
4 (base 10) to base 7
4
What is -412 (base 5) in base 2?
-1101011
What is -3 (base 13) in base 3?
-10
What is -133 (base 4) in base 10?
-31
3 (base 13) to base 8
3
83 (base 12) to base 13
78
Convert -24 (base 5) to base 10.
-14
Convert 3 (base 5) to base 14.
3
2 (base 11) to base 12
2
What is c (base 15) in base 2?
1100
Convert -11 (base 4) to base 8.
-5
5 (base 15) to base 11
5
6 (base 14) to base 10
6
What is 5 (base 11) in base 6?
5
Convert 2 (base 7) to base 11.
2
What is 62 (base 9) in base 4?
320
Convert 0 (base 13) to base 12.
0
What is 231 (base 4) in base 6?
113
Convert -4 (base 7) to base 9.
-4
What is 148 (base 14) in base 6?
1112
Convert -5 (base 7) to base 15.
-5
What is -11101 (base 2) in base 6?
-45
33 (base 12) to base 16
27
What is 28 (base 12) in base 16?
20
Convert 1 (base 2) to base 13.
1
What is -110 (base 3) in base 4?
-30
Convert 14 (base 7) to base 10.
11
Convert 52 (base 7) to base 14.
29
What is 13 (base 8) in base 9?
12
Convert 99 (base 12) to base 5.
432
What is -36 (base 7) in base 16?
-1b
Convert 19 (base 11) to base 9.
22
17 (base 11) to base 3
200
What is -11 (base 2) in base 4?
-3
What is 1 (base 2) in base 6?
1
Convert -5 (base 9) to base 5.
-10
Convert e (base 15) to base 11.
13
Convert 1101 (base 2) to base 12.
11
-1 (base 13) to base 8
-1
-7 (base 11) to base 7
-10
2 (base 12) to base 8
2
What is -20 (base 10) in base 4?
-110
-12 (base 5) to base 4
-13
11111001 (base 2) to base 7
504
92 (base 10) to base 16
5c
Convert -1 (base 3) to base 12.
-1
Convert 11 (base 2) to base 5.
3
What is -333 (base 7) in base 11?
-146
110 (base 9) to base 4
1122
Convert 1012 (base 3) to base 5.
112
What is -4 (base 15) in base 8?
-4
Convert -302 (base 4) to base 6.
-122
Convert 15 (base 7) to base 3.
110
What is 1000 (base 2) in base 9?
8
Convert 1 (base 12) to base 11.
1
141 (base 5) to base 12
3a
-16 (base 13) to base 8
-23
What is 1001 (base 2) in base 9?
10
34 (base 5) to base 3
201
Convert -1 (base 14) to base 13.
-1
What is 0 (base 4) in base 13?
0
Convert -233 (base 4) to base 9.
-52
Convert -33 (base 10) to base 7.
-45
-2 (base 14) to base 16
-2
-77 (base 10) to base 12
-65
What is 3 (base 12) in base 15?
3
0 (base 12) to base 6
0
Convert -3 (base 10) to base 6.
-3
What is 200 (base 6) in base 11?
66
4 (base 15) to base 6
4
Convert 2a (base 13) to base 14.
28
What is -1101 (base 3) in base 8?
-45
-1100111 (base 2) to base 6
-251
Convert -4 (base 13) to base 12.
-4
What is -3 (base 10) in base 6?
-3
Convert -a (base 14) to base 3.
-101
What is 4c (base 14) in base 13?
53
-1010 (base 6) to base 16
-de
What is -5 (base 10) in base 4?
-11
412 (base 5) to base 2
1101011
Convert 295 (base 10) to base 11.
249
What is 0 (base 13) in base 11?
0
What is 2 (base 16) in base 4?
2
a (base 13) to base 12
a
1